 95 = 5*c, 0 = q*r + 4*c - 98 - 57. List the prime factors of r.
5, 7
Let h be 3 - (-9)/(18/140). Let y = -26 + h. List the prime factors of y.
47
Let r = -2947 + 4355. List the prime factors of r.
2, 11
List the prime factors of ((-1521)/(-195))/(179/(-60) - -3).
2, 3, 13
Suppose -n - 51 = -i, 3*i - 4*i - 2 = 0. Let s = n + 130. What are the prime factors of s?
7, 11
Let n = -891 - -1937. What are the prime factors of n?
2, 523
Let s be (270/4)/((-12)/(-24)). Suppose 4*o - o - s = 5*n, -2*o - 4*n + 90 = 0. List the prime factors of o.
3, 5
Let f(t) = t**2 + 6*t - 16. Let c be f(-8). Let y be 4/18 - (-25)/9. Suppose 3*j - 3 = c, 4*j = -v + y*j + 44. What are the prime factors of v?
43
Let o be 2 - (26 - 12/4). List the prime factors of (1/(-3))/(1/o).
7
Let l = 4873 - 2385. List the prime factors of l.
2, 311
Let n(x) = x**2 - x - 5. Let q be n(4). Suppose i = -2*u + q + 7, 5*u = 4*i - 121. What are the prime factors of i?
2, 3
Let l(p) be the first derivative of -p**3/3 - 13*p**2/2 - 10*p - 2. Let o(s) = -s**3 + 2*s**2 + 6*s - 1. Let h be o(4). What are the prime factors of l(h)?
2, 13
Suppose 5*s - 2840 = -5*z, 16 = 3*s + 4. List the prime factors of z.
2, 3, 47
Suppose -22854 = -18*i - 2370. What are the prime factors of i?
2, 569
Let c be -140*(20/25 + -2). Let x = c - 102. What are the prime factors of x?
2, 3, 11
Suppose 949 = 8*b - 5075. What are the prime factors of b?
3, 251
Let v = -26 - -28. Suppose 2*j = -4*w + 34, v*j = -5*w - 21 + 66. List the prime factors of w.
11
Let y(u) = u**3 + 2*u**2 - u - 9. Let b be y(-5). Let t = -35 - b. What are the prime factors of t?
2, 11
Suppose 5*m = 2*d + 5, 7 = d - 3*d + 3*m. Let a(q) = q + 10. Let v be a(d). Let p = 14 - v. List the prime factors of p.
3
Suppose -429 = -4*h + h + 3*l, -703 = -5*h + l. List the prime factors of h.
2, 5, 7
Let w(m) = 11*m**2 - 10*m**2 - 8 - 3*m - 1 - 3*m. List the prime factors of w(8).
7
Let x(t) = 9*t**2 + 6*t + 65. List the prime factors of x(-9).
2, 5, 37
Let x = -93 - -139. Suppose -x = 4*i + 210. What are the prime factors of 12/20 + i/(-10)?
7
Suppose -2*t = -16 + 4. Let k = t - -10. Suppose -3*o = -32 - k. List the prime factors of o.
2
Suppose 6*a - 4*a = 0. Suppose a = 3*n - 192 + 6. Suppose 4*o = n + 34. What are the prime factors of o?
2, 3
Let i(h) = -77*h - 16. List the prime factors of i(-5).
3, 41
Suppose -8*r + 13*r = 15. Suppose -r*v + 5*v - 430 = 0. Suppose 0 = -3*b - 15, b + v = 5*f - 3*b. What are the prime factors of f?
3, 13
Suppose 0 = 2*v - 45 - 17. Suppose 0 = d + 4*r - 87 - v, 662 = 5*d - 4*r. What are the prime factors of d?
2, 5, 13
List the prime factors of (-4082)/(-13)*(3 + 2 - 0).
2, 5, 157
Let y(q) = 7*q**2 + 71*q - 2. What are the prime factors of y(6)?
2, 13
Let z be (7/4)/(3/12). Let l(g) = 3*g + 5. Let b be l(z). Suppose -b = -f + 2*x + x, -4*x = 0. List the prime factors of f.
2, 13
Let c(l) = -l**3 + 5*l**2 + 4*l - 3. Let r be c(5). Let x = r + -13. What are the prime factors of (-6)/(-12) + 162/x?
41
Let x = 12 - 9. Suppose -2*r - 4*j + 2 = 0, 1 - 10 = -x*r - 3*j. Suppose -15 = -p + 3*a, r*a + 34 = 2*p + 6. What are the prime factors of p?
3
Suppose -3*m = -n - 40, -5*n + 0*n = -25. Suppose 0 = -10*t + m*t - 150. List the prime factors of t.
2, 3, 5
Suppose -28*w + 6*w + 7458 = 0. List the prime factors of w.
3, 113
Let t(k) = -5*k**3 - 15*k**2 + 8*k + 20. Let l(n) = 14*n**3 + 44*n**2 - 24*n - 59. Let z(o) = -6*l(o) - 17*t(o). What are the prime factors of z(8)?
2, 7
Suppose -z - 57 - 167 = 0. What are the prime factors of (-1 - z)/((-1)/(-1))?
223
Let k = 544 - -106. Suppose t + 5*m = -130, t + 4*t + k = 4*m. Let h = -76 - t. What are the prime factors of h?
2, 3
Suppose 20*b - 5485 = 17035. List the prime factors of b.
2, 563
Let c = 5917 + -3743. What are the prime factors of c?
2, 1087
Let l = 571 + -302. Let u = l + -192. List the prime factors of u.
7, 11
Let k(q) be the second derivative of -q**4/12 - 5*q**3/3 - 11*q**2/2 - 11*q. What are the prime factors of k(-6)?
13
Let o be (-15)/35 - (0 - (-543)/7). List the prime factors of 1 - 890/(-12) - (-13)/o.
3, 5
Let c(t) = -t**2 - 9*t - 1. Let d(n) = -n**3 - 6*n**2 + 9*n + 6. Let u be d(-7). Let l be c(u). List the prime factors of l/(28/32) - 3.
5
Suppose 40*d = 55*d - 11355. What are the prime factors of d?
757
Suppose -8*w = -5*w - 267. Suppose w = 3*y - 5*v, -5*v = 2*y + 3*y - 95. What are the prime factors of y?
23
Let t(a) be the second derivative of -a**4/12 - 4*a**3/3 - 11*a**2/2 + 6*a. Let z be t(-5). Suppose 0 = o + z*o - 110. List the prime factors of o.
2, 11
Let a(j) = -j**2 + 4*j + 10. Let t be a(5). Suppose 240 + 348 = 3*g + 5*p, -3*p = -t*g + 1014. What are the prime factors of g?
3, 67
Let j be (-136)/(-7) - 16/(-28). Let i = 38 - 35. Suppose 3*n = -i*z + 18, 4*z - n = -4*n + j. List the prime factors of z.
2
Suppose -3*y - 28 = 4*x, -y + 30 + 5 = -5*x. What are the prime factors of 36/(-20)*(-192 - x)?
3, 37
Let c(r) = r**2 + 4*r + 9. Let s be c(5). Suppose i = -0*i + z + s, -z + 300 = 5*i. What are the prime factors of i?
59
Let f(s) = s**3 + 5*s**2 - 12*s + 17. Let j be f(-7). Suppose p + 271 = j*n, -2*n + 0*p - p = -174. What are the prime factors of n?
89
Suppose 99 = -0*v + 3*v. Let n be 3*2*44/v. Suppose n*k - 120 = 4*k. What are the prime factors of k?
2, 3, 5
Let b be 33 - 35 - 3/(3/(-2)). Let x(z) = 12*z + 309. List the prime factors of x(b).
3, 103
Suppose -15155 = 4*s - 11*s. What are the prime factors of s?
5, 433
Suppose 18*t = 31515 + 6825. List the prime factors of t.
2, 3, 5, 71
Let o(h) be the first derivative of 2*h**3/3 - 7*h**2/2 - 11*h - 1. List the prime factors of o(8).
61
What are the prime factors of (-12)/(-60) - 3574/(-5)?
5, 11, 13
Let f(i) = -i - 3. Let t(g) = 4*g + 12. Let a be t(-5). Let d be f(a). Suppose -15 = -d*p, 2*z + 3*z = -2*p + 131. List the prime factors of z.
5
Let o = -31 + 56. Suppose g + 43 = 4*n, -o = -8*g + 3*g. What are the prime factors of n?
2, 3
Let c(z) = -z - 8. Let p be c(-4). Let i = p + 7. Suppose 0*j + 5*o - 97 = -3*j, -5*j - i*o = -151. List the prime factors of j.
29
Let z(q) = -7*q**3 + 2*q**2 - 12*q - 114. What are the prime factors of z(-7)?
3, 823
Suppose 3*o - 306 = 2*o. Suppose -o = -5*s - 3*j, -5*s = -3*j - 209 - 85. What are the prime factors of s?
2, 3, 5
Suppose 0*n + 4*n - 488 = 0. Let c = -42 + n. What are the prime factors of c?
2, 5
Let y(u) = -2*u**2 - 10*u - 6. Let z be y(-4). Suppose z*a + 5*j = 143, 116 = -4*a + 5*j + 387. What are the prime factors of a?
3, 23
Suppose 2*m + 3*m - 125 = 0. Suppose 2*y - 12 = -5*z + m, -2*y - 4*z + 32 = 0. What are the prime factors of 2 - (y/(-3) + -1)?
5
Let b(q) = q**3 - 38*q**2 + 14*q - 56. What are the prime factors of b(38)?
2, 7, 17
Suppose -v = -2, -d + 2*v + 292 = -345. What are the prime factors of d?
641
Let l = 534 - 482. List the prime factors of l.
2, 13
Let a = 69 - 73. What are the prime factors of 77 - a/((-20)/(-15))?
2, 5
Let p(f) = 12*f**2 + f - 1. Let n be 3*-1 - (-10 - 1). Let x = -7 + n. What are the prime factors of p(x)?
2, 3
Let h = 55 - 50. Let b(p) = 8*p**2 + 6*p + 2. Let m be b(5). Suppose h*c + 22 = m. List the prime factors of c.
2, 3, 7
Let c = -2285 + 3427. List the prime factors of c.
2, 571
Let n be 3/4 + 29/4. Let c be 1 + (-4)/(n/(-4)). Suppose 3*g - 36 = -c*h + 6*g, 4*h - 44 = 3*g. What are the prime factors of h?
2
Let i = -12 - -24. Let g = -12 + i. Suppose 3*k - 3*q - 2*q - 12 = g, 0 = -3*q. What are the prime factors of k?
2
Let y = -255 + 495. Suppose -3*r + 0*r = -y. List the prime factors of r.
2, 5
Let s(a) = -2 + 2 - 2*a - 5. Let g be (25 - 31) + 1 + -2. What are the prime factors of s(g)?
3
What are the prime factors of 681 + (-4)/1 - 24/4?
11, 61
Let g(f) = 11*f - 1. Suppose b - 1 = -0. Suppose -2*l + m = -4 + b, 5*m = -5*l. List the prime factors of g(l).
2, 5
Let v = 66 - 62. Suppose -2*z + 292 = 3*b - 5*b, -v*b - 734 = -5*z. What are the prime factors of z?
2, 3, 5
Suppose 0 = 4*q + p + 172, 82 = -2*q - p - 2. Suppose 2*j + 3*a - 2*a = 10, 25 = 5*j + 4*a. List the prime factors of (q/10)/((-1)/j).
2, 11
What are the prime factors of 1*175/((-9)/6 - -2)?
2, 5, 7
Suppose 36*o - 7280 = 23*o. What are the prime factors of o?
2, 5, 7
Suppose -50*a + 35834 + 93916 = 0. List the prime factors 